
What is the highest common factor of 16 and 21218128?
16
What is the highest common factor of 12426 and 46207389?
327
What is the greatest common divisor of 3231118 and 3632?
454
What is the greatest common factor of 3309 and 32217527?
1103
What is the highest common divisor of 22 and 55855206?
22
Calculate the highest common factor of 3741 and 359021276.
1247
Calculate the greatest common divisor of 73008 and 141.
3
Calculate the greatest common divisor of 1440 and 534540.
60
What is the greatest common divisor of 54324914 and 19?
19
What is the highest common factor of 433812 and 1800?
12
What is the highest common divisor of 134891578 and 334?
334
Calculate the highest common factor of 2912 and 5708222.
26
What is the greatest common divisor of 18705951 and 3267?
297
What is the highest common factor of 13581725 and 2975?
425
Calculate the highest common factor of 9682 and 3905554.
206
What is the highest common factor of 8 and 17656804?
4
Calculate the highest common factor of 234464820 and 21240.
3540
What is the highest common factor of 13744 and 8261040?
16
What is the greatest common divisor of 2312 and 14502598?
578
Calculate the greatest common divisor of 11 and 1142726.
1
Calculate the greatest common factor of 80 and 4334690.
10
What is the highest common divisor of 71578435 and 5860?
1465
Calculate the highest common divisor of 36882744 and 72.
24
Calculate the highest common divisor of 1497442 and 12426.
218
What is the highest common factor of 78 and 178992606?
78
What is the highest common divisor of 30170631 and 4233?
51
What is the greatest common factor of 22944 and 131616?
96
Calculate the greatest common divisor of 605 and 13519.
11
Calculate the highest common divisor of 48343276 and 12.
4
What is the highest common factor of 33 and 326051?
11
Calculate the highest common divisor of 2026422 and 134724.
618
What is the highest common factor of 9042 and 538164?
66
What is the greatest common divisor of 1518 and 385258878?
138
What is the greatest common divisor of 4346144 and 165?
11
What is the greatest common divisor of 270196 and 891211?
2179
What is the highest common factor of 2986762 and 26182?
2014
Calculate the highest common divisor of 7417629 and 731.
43
What is the greatest common factor of 58764 and 279876?
996
What is the highest common factor of 16442447 and 12775?
511
Calculate the highest common factor of 3724 and 1246448.
28
Calculate the greatest common divisor of 106687 and 6447.
7
Calculate the highest common divisor of 31001 and 2237417.
1069
Calculate the greatest common factor of 176 and 45028324.
44
Calculate the greatest common divisor of 507024 and 3262.
14
What is the greatest common divisor of 1003 and 8979213?
17
Calculate the highest common divisor of 1025 and 184728165.
205
What is the highest common divisor of 19024 and 1271328?
656
Calculate the highest common factor of 544429745 and 2095.
2095
Calculate the greatest common divisor of 118827 and 1001472.
489
What is the greatest common factor of 11710 and 177420?
10
What is the highest common factor of 339563 and 153657?
1897
What is the greatest common divisor of 36253393 and 33?
11
Calculate the highest common divisor of 1459113 and 7248.
453
What is the greatest common factor of 18372596 and 88?
44
Calculate the highest common divisor of 601665 and 16755.
15
What is the highest common factor of 138142 and 7992584?
578
What is the greatest common factor of 2732500 and 620?
20
Calculate the highest common divisor of 1305285 and 30275.
865
What is the highest common factor of 110284928 and 19432?
2776
What is the greatest common factor of 7 and 786743?
1
What is the highest common divisor of 3480862 and 11858?
1078
Calculate the highest common factor of 375 and 5030800.
25
What is the highest common divisor of 705 and 23993453?
47
What is the greatest common factor of 5659920 and 3045?
105
What is the greatest common divisor of 44223330 and 45?
15
Calculate the highest common divisor of 342327 and 19176771.
6459
Calculate the highest common factor of 33228 and 481572.
468
Calculate the highest common factor of 1231730 and 740.
370
Calculate the highest common divisor of 94344 and 42516.
12
What is the highest common factor of 8152288 and 10245?
683
What is the greatest common factor of 3949 and 5469894166?
3949
What is the greatest common divisor of 38 and 20340?
2
What is the greatest common divisor of 7037 and 4059441?
227
What is the highest common factor of 75 and 314714150?
25
What is the highest common divisor of 2597332 and 542968?
4052
What is the greatest common divisor of 602 and 491148?
14
Calculate the greatest common factor of 54729083 and 647.
647
Calculate the greatest common divisor of 368 and 829450012.
92
What is the greatest common factor of 50 and 613886225?
25
What is the greatest common factor of 151192830 and 738?
246
Calculate the highest common factor of 5886 and 314532.
18
What is the highest common factor of 232960 and 2528768?
512
What is the highest common factor of 3710125 and 6375?
125
What is the highest common divisor of 48216784 and 176?
176
What is the greatest common divisor of 792531 and 25413?
591
What is the greatest common factor of 64841418 and 738?
738
Calculate the greatest common factor of 2963372 and 612.
68
What is the highest common factor of 19960486 and 546?
182
What is the highest common factor of 2437182666 and 109?
109
Calculate the highest common divisor of 19236 and 10653996.
2748
Calculate the highest common factor of 32190 and 405705.
555
What is the greatest common factor of 12873 and 191854901?
4291
What is the greatest common divisor of 1620 and 171630?
90
What is the greatest common factor of 232084 and 80512?
68
What is the highest common factor of 170 and 3829352?
34
What is the highest common factor of 36 and 92970840?
12
What is the highest common divisor of 25078860 and 3420?
3420
What is the greatest common divisor of 4540876 and 2360?
236
Calculate the highest common factor of 914704 and 1456.
112
Calculate the greatest common factor of 957217997 and 289.
289
Calculate the greatest common factor of 341859631 and 3532.
883
What is the greatest common divisor of 64695 and 23610?
15
Calculate the highest common divisor of 138 and 1835193.
69
Calculate the greatest common factor of 490 and 4002334.
14
Calculate the greatest common divisor of 82 and 1183514.
2
Calculate the highest common divisor of 10388 and 274964.
212
Calculate the highest common factor of 230054690 and 15.
5
Calculate the greatest common factor of 32558 and 773508.
146
Calculate the greatest common factor of 4671 and 2121741.
27
Calculate the greatest common factor of 1756 and 11523311.
439
What is the greatest common factor of 402390 and 2610?
90
What is the highest common divisor of 984597 and 41529?
327
What is the highest common factor of 2539369 and 2135?
427
Calculate the highest common divisor of 19105573 and 4223.
103
Calculate the greatest common divisor of 6543624 and 2064.
24
Calculate the greatest common divisor of 1795505 and 4.
1
What is the greatest common divisor of 48 and 11957988?
12
What is the greatest common divisor of 1176816 and 240?
48
What is the highest common divisor of 450022424 and 71?
71
What is the highest common factor of 650 and 3713320?
130
What is the greatest common divisor of 297772 and 7004?
68
Calculate the highest common divisor of 1056 and 460779.
33
What is the greatest common factor of 299405 and 2011025?
1285
Calculate the greatest common divisor of 131815210 and 49903.
7129
What is the highest common divisor of 3533218 and 884?
26
Calculate the highest common divisor of 7670600 and 740600.
1400
Calculate the highest common factor of 16263 and 5564.
13
What is the greatest common divisor of 373173 and 6360?
159
What is the greatest common divisor of 259 and 90026069?
259
What is the greatest common divisor of 504803 and 8?
1
What is the highest common factor of 215432653 and 17?
17
Calculate the highest common divisor of 163202825 and 230.
115
What is the highest common factor of 24789254 and 504931?
9527
What is the highest common factor of 7905 and 313112307?
1581
Calculate the highest common factor of 7698614 and 242.
22
What is the greatest common factor of